me factors of 33601.
33601
What are the prime factors of 216961?
19, 601
What are the prime factors of 4206516?
2, 3, 23, 15241
What are the prime factors of 465652?
2, 11, 19, 557
What are the prime factors of 34087?
89, 383
List the prime factors of 261775.
5, 37, 283
List the prime factors of 16545.
3, 5, 1103
What are the prime factors of 684597?
3, 228199
What are the prime factors of 37479006?
2, 3, 23, 90529
List the prime factors of 22850993.
11, 1033, 2011
List the prime factors of 4527416.
2, 47, 12041
What are the prime factors of 59373?
3, 733
What are the prime factors of 12434183?
37, 336059
What are the prime factors of 1192753?
1192753
What are the prime factors of 2227813?
7, 318259
What are the prime factors of 922455?
3, 5, 6833
What are the prime factors of 220969?
7, 31567
What are the prime factors of 12741031?
31, 411001
What are the prime factors of 2700167?
67, 191, 211
What are the prime factors of 35629?
11, 41, 79
List the prime factors of 2871468.
2, 3, 31, 83
What are the prime factors of 26468253?
3, 7, 53, 7927
List the prime factors of 2053955.
5, 277, 1483
What are the prime factors of 2181294?
2, 3, 179, 677
List the prime factors of 3987592.
2, 7, 31, 2297
What are the prime factors of 19202998?
2, 9601499
What are the prime factors of 3503203?
11, 318473
List the prime factors of 358102.
2, 179051
What are the prime factors of 598891?
598891
What are the prime factors of 1162740?
2, 3, 5, 19379
What are the prime factors of 291894?
2, 3, 48649
What are the prime factors of 857965?
5, 29, 61, 97
What are the prime factors of 206906?
2, 7, 14779
List the prime factors of 2891756.
2, 7, 139, 743
List the prime factors of 26779717.
26779717
List the prime factors of 3673935.
3, 5, 19, 4297
List the prime factors of 7352382.
2, 3, 1225397
List the prime factors of 35278301.
251, 140551
What are the prime factors of 660721?
23, 1249
What are the prime factors of 13811871?
3, 17, 270821
List the prime factors of 163452.
2, 3, 53, 257
What are the prime factors of 2138755?
5, 427751
List the prime factors of 43226316.
2, 3, 7, 337, 509
List the prime factors of 6855360.
2, 3, 5, 37, 193
List the prime factors of 1304774.
2, 241, 2707
What are the prime factors of 11136976?
2, 696061
List the prime factors of 1042557.
3, 347519
What are the prime factors of 200119?
293, 683
List the prime factors of 241379.
281, 859
What are the prime factors of 870641?
870641
What are the prime factors of 213215?
5, 42643
List the prime factors of 1201629.
3, 11, 13, 2801
List the prime factors of 535194.
2, 3, 11, 17, 53
List the prime factors of 2735568.
2, 3, 11, 157
What are the prime factors of 273853?
17, 89, 181
List the prime factors of 11748557.
251, 46807
List the prime factors of 1172237.
11, 61, 1747
List the prime factors of 22318469.
22318469
List the prime factors of 1796064.
2, 3, 53, 353
List the prime factors of 14465128.
2, 41, 44101
List the prime factors of 5643373.
5643373
List the prime factors of 162125.
5, 1297
What are the prime factors of 813498?
2, 3, 7, 2767
What are the prime factors of 759720?
2, 3, 5, 13, 487
List the prime factors of 9535.
5, 1907
List the prime factors of 63329.
7, 83, 109
List the prime factors of 1656520.
2, 5, 41413
List the prime factors of 1312936.
2, 164117
List the prime factors of 851842.
2, 59, 7219
What are the prime factors of 255249?
3, 79, 359
What are the prime factors of 10208146?
2, 13, 197, 1993
List the prime factors of 1369527.
3, 307, 1487
List the prime factors of 798808.
2, 31, 3221
What are the prime factors of 202335?
3, 5, 7, 41, 47
List the prime factors of 4015073.
73, 55001
What are the prime factors of 4905753?
3, 269, 6079
What are the prime factors of 3307948?
2, 7, 31, 37, 103
List the prime factors of 105674.
2, 52837
What are the prime factors of 102659?
251, 409
List the prime factors of 57148.
2, 7, 13, 157
List the prime factors of 17889.
3, 67, 89
List the prime factors of 5309.
5309
What are the prime factors of 146848?
2, 13, 353
What are the prime factors of 231123?
3, 77041
List the prime factors of 364475.
5, 61, 239
List the prime factors of 629170.
2, 5, 17, 3701
List the prime factors of 2810621.
11, 255511
List the prime factors of 76420.
2, 5, 3821
List the prime factors of 2552761.
2552761
List the prime factors of 643783.
7, 91969
What are the prime factors of 2468269?
2468269
List the prime factors of 18614272.
2, 61, 149
List the prime factors of 2289967.
37, 59, 1049
What are the prime factors of 2715344?
2, 169709
What are the prime factors of 2023705?
5, 227, 1783
What are the prime factors of 1554645?
3, 5, 103643
What are the prime factors of 861798?
2, 3, 7, 17, 71
What are the prime factors of 71734?
2, 13, 31, 89
List the prime factors of 310515.
3, 5, 127, 163
List the prime factors of 9151.
9151
List the prime factors of 9916955.
5, 19, 139, 751
What are the prime factors of 282068?
2, 151, 467
What are the prime factors of 18023754?
2, 3, 7, 429137
What are the prime factors of 2064500?
2, 5, 4129
What are the prime factors of 26916521?
19, 74561
List the prime factors of 98851.
41, 2411
What are the prime factors of 1253232?
2, 3, 967
List the prime factors of 3241432.
2, 405179
What are the prime factors of 2731702?
2, 61, 22391
List the prime factors of 1397938.
2, 797, 877
What are the prime factors of 5613382?
2, 2806691
List the prime factors of 4720434.
2, 3, 786739
List the prime factors of 549603.
3, 79, 773
List the prime factors of 733044.
2, 3, 13, 37, 127
What are the prime factors of 30470870?
2, 5, 19, 160373
What are the prime factors of 25974814?
2, 37, 351011
What are the prime factors of 14724316?
2, 19, 193741
List the prime factors of 149414.
2, 74707
What are the prime factors of 327108?
2, 3, 27259
List the prime factors of 3773213.
3773213
What are the prime factors of 168622?
2, 59, 1429
What are the prime factors of 246838?
2, 123419
What are the prime factors of 2447416?
2, 305927
List the prime factors of 205055.
5, 41011
What are the prime factors of 96401?
96401
List the prime factors of 24353287.
7, 1171, 2971
What are the prime factors of 183962?
2, 59, 1559
What are the prime factors of 197034?
2, 3, 32839
List the prime factors of 160949.
19, 43, 197
List the prime factors of 387249.
3, 129083
List the prime factors of 7546732.
2, 71, 26573
What are the prime factors of 716903?
11, 65173
List the prime factors of 4619898.
2, 3, 256661
List the prime factors of 1349475.
3, 5, 19, 947
List the prime factors of 13103191.
13103191
What are the prime factors of 667981?
17, 39293
What are the prime factors of 12438901?
19, 654679
What are the prime factors of 158533?
59, 2687
List the prime factors of 12979942.
2, 17, 479, 797
What are the prime factors of 131606?
2, 23, 2861
List the prime factors of 1674377.
23, 43, 1693
What are the prime factors of 1314957?
3, 7, 62617
What are the prime factors of 128554?
2, 17, 19, 199
What are the prime factors of 2379234?
2, 3, 11, 13, 47, 59
What are the prime factors of 619179?
3, 11, 29, 647
List the prime factors of 2393611.
11, 167, 1303
What are the prime factors of 475347?
3, 158449
What are the prime factors of 693135?
3, 5, 73, 211
What are the prime factors of 4859376?
2, 3, 67, 1511
What are the prime factors of 6125462?
2, 7, 437533
What are the prime factors of 53831?
53831
What are the prime factors of 8590538?
2, 11, 390479
List the prime factors of 399015.
3, 5, 8867
List the prime factors of 476668.
2, 269, 443
What are the prime factors of 25684236?
2, 3, 163, 1459
List the prime factors of 130470.
2, 3, 5, 4349
What are the prime factors of 6226568?
2, 347, 2243
What are the prime factors of 1361286?
2, 3, 2801
List the prime factors of 2679897.
3, 11, 17, 281
What are the prime factors of 10433183?
83, 337, 373
List the prime factors of 5286687.
3, 7, 61, 4127
What are the prime factors of 25180999?
25180999
What are the prime factors of 5017291?
2081, 2411
List the prime factors of 3931093.
3931093
List the prime factors of 8401122.
2, 3, 466729
List the prime factors of 1960210.
2, 5, 7, 41, 683
List the prime factors of 19425816.
2, 3, 61, 4423
What are the prime factors of 5416538?
2, 43, 62983
What are the prime factors o